*2 - p + 14. What is t(7)?
105
Let c(u) = -128*u + 501. Determine c(4).
-11
Let r(a) = -a**3 - 24*a**2 + 23*a - 44. Determine r(-25).
6
Let n(k) = -k**3 + 6*k**2 - k + 3. Determine n(6).
-3
Let o(v) = 43*v - 160. Calculate o(4).
12
Let w(z) = -8*z**2. Determine w(1).
-8
Let a(c) = c**3 - 13*c**2 - c - 1. Determine a(13).
-14
Let w(b) = b**2 - b - 6. What is w(6)?
24
Let s(k) = -k**3 - k + 11. What is s(0)?
11
Let u(l) = 2*l - 29. Give u(18).
7
Let q(o) = 6*o**2 + o + 13. What is q(4)?
113
Let x(b) = b**2 + 2*b + 9. Determine x(0).
9
Let b(p) = p**2 - 23*p + 9. Calculate b(22).
-13
Let w(x) = 131*x + 521. What is w(-4)?
-3
Let j(z) = -16*z + 188. Determine j(12).
-4
Let a(d) = -2*d**3 - 55*d**2 - 29*d - 58. What is a(-27)?
-4
Let j(y) = -y + 8. Calculate j(8).
0
Let i(o) = 8*o + 23. Calculate i(-3).
-1
Let j(n) = 5*n**2 + 3*n. Determine j(-3).
36
Let d(j) = -3*j**3 - 19*j**2 - 8*j + 17. Determine d(-6).
29
Let z(o) = 19*o. Calculate z(5).
95
Let z(o) = -6*o + 68. Give z(10).
8
Let z(u) = -u**3 + 6*u**2 + 7*u + 10. Determine z(7).
10
Let y(j) = j**2 + 106*j + 1361. Determine y(-15).
-4
Let g(y) = -y**2 - 17*y + 103. Determine g(-22).
-7
Let u(o) = 2*o - 35. Give u(19).
3
Let q(h) = 8*h - 23. What is q(0)?
-23
Let n(f) = f**2 - f + 3. What is n(0)?
3
Let l(q) = -9*q**3 + 2*q**2 + 2. Calculate l(-2).
82
Let b(y) = -y**3 - 18*y**2 - 81*y - 21. Determine b(-8).
-13
Let u(r) = -r**3 + 16*r**2 - 13*r - 19. What is u(15)?
11
Let d(n) = -3*n**3 - n + 2. What is d(1)?
-2
Let s(w) = -w**3 + 9*w**2 + 22*w + 1. What is s(11)?
1
Let v(y) = 17*y. What is v(1)?
17
Let z(p) = 17*p - 4. Calculate z(2).
30
Let z(l) = -60*l - 838. Give z(-14).
2
Let z(l) = 5*l**2 - 38*l + 77. What is z(2)?
21
Let y(q) = -q**3 - 7*q**2 + 6*q + 16. Give y(-7).
-26
Let w(r) = 17*r - 96. Calculate w(7).
23
Let s(y) = y - 17. Determine s(17).
0
Let x(t) = -3*t + 11. What is x(6)?
-7
Let c(l) = 22*l - 1. Determine c(-1).
-23
Let x(l) = 22*l**2 - 11*l + 4. Calculate x(1).
15
Let p(o) = -3*o**2 + 2*o + 3. Calculate p(-3).
-30
Let u(j) = 4*j + 4. Give u(1).
8
Let i(x) = -x**2 + 7*x. What is i(13)?
-78
Let s(r) = -r**2 + 6. Give s(-3).
-3
Let m(v) = v**2 - 33*v + 131. Give m(30).
41
Let s(g) = -g**3 + 14*g**2 - 36*g + 10. Determine s(11).
-23
Let y(t) = t**2 + 29*t + 33. Give y(-27).
-21
Let t(k) = -k**3 - 16*k**2 - 28*k - 21. Determine t(-14).
-21
Let f(q) = 9*q**3 - q**2 + 2*q - 1. Determine f(1).
9
Let j(c) = 30*c - 274. What is j(9)?
-4
Let m(l) = 2*l**3 + 14*l**2 - 7. What is m(-7)?
-7
Let t(k) = k**3 + 8*k**2 - 7*k + 12. Determine t(-9).
-6
Let r(j) = 3*j + 41. Calculate r(-14).
-1
Let a(x) = x**3 + 2*x**2 - 3*x - 3. Determine a(-2).
3
Let k(c) = -c**2 - 2*c - 1. Give k(-2).
-1
Let m(u) = u**2 - 28*u - 203. Calculate m(34).
1
Let o(g) = 2*g**2 - 52*g - 52. Give o(27).
2
Let q(y) = -y**2 - 6*y - 1. Give q(-5).
4
Let a(q) = q**3 - 11*q**2 - 8*q + 42. What is a(12)?
90
Let t(v) = -27*v**2 + 2*v. Calculate t(-1).
-29
Let g(d) = d - 16. Give g(-11).
-27
Let t(q) = -q**3 + 3*q**2 + 12*q - 32. Determine t(3).
4
Let k(d) = -3*d - 23. What is k(-6)?
-5
Let r(c) = 12*c + 44. What is r(-4)?
-4
Let r(v) = -6*v + 31. What is r(6)?
-5
Let q(i) = -2*i + 20. Calculate q(-5).
30
Let g(a) = 3*a**2 - 5*a + 4. Determine g(5).
54
Let y(n) = n**2 + n. Calculate y(-1).
0
Let t(p) = p**2 - 6. What is t(0)?
-6
Let t(c) = -c**2 + 32. Give t(0).
32
Let m(x) = -11*x**2 + 3*x + 2. Calculate m(-1).
-12
Let u(n) = -n**2 - 4*n - 2. Calculate u(-4).
-2
Let m(d) = -5*d**3 + 95*d**2 + 2*d - 46. Calculate m(19).
-8
Let n(a) = -a**2 - 8*a + 27. Determine n(-11).
-6
Let t(u) = u**3 + 5*u**2 + 3*u + 8. What is t(-4)?
12
Let k(x) = 2*x + 3. Calculate k(-3).
-3
Let x(j) = 2*j**3 - 78*j**2 + j - 32. Calculate x(39).
7
Let t(c) = 2*c**2 + c - 2. Determine t(-3).
13
Let b(m) = 7*m + 1. Calculate b(1).
8
Let n(a) = a**2 - 9*a + 10. Give n(7).
-4
Let d(l) = 4*l**2 + 22*l - 6. Give d(-6).
6
Let q(d) = 3*d**3 + 14*d**2 - 5*d - 12. Calculate q(-5).
-12
Let t(d) = 12*d**2 + d - 8. Give t(3).
103
Let g(k) = -3*k**2 + 5*k - 6. Determine g(3).
-18
Let s(f) = f**2 + 3*f - 28. What is s(-7)?
0
Let m(c) = -c + 6. Determine m(7).
-1
Let a(f) = 3*f**2 - 16*f - 10. What is a(6)?
2
Let v(j) = -j**3 - 19*j**2 - 48*j + 10. Calculate v(-16).
10
Let c(s) = 19*s - 4. Give c(2).
34
Let o(d) = -d**3 + 9*d**2 + 7*d + 21. Give o(10).
-9
Let z(x) = -2*x**2 + 42*x - 134. What is z(17)?
2
Let y(z) = -5*z + 124. What is y(25)?
-1
Let i(n) = 16*n - 4. What is i(10)?
156
Let v(f) = -2*f**3 + 2*f**2 - 10*f + 14. Calculate v(2).
-14
Let i(k) = 7*k - 23. Calculate i(0).
-23
Let p(o) = o**3 + 7*o**2 - 13. Determine p(-7).
-13
Let b(r) = 5*r + 18. Give b(-5).
-7
Let v(w) = -w**2 - 7*w - 17. What is v(11)?
-215
Let q(w) = -w**3 + w**2 + 5*w + 5. Determine q(3).
2
Let p(x) = -x**2 - 21*x + 4. Give p(-17).
72
Let n(w) = -49*w**3 - 2*w + 3. Calculate n(1).
-48
Let m(o) = o**3 - 3*o**2 - 6*o - 1. What is m(6)?
71
Let u(q) = -2*q**2 - 16*q + 11. Give u(-8).
11
Let a(q) = -q**3 - 10*q**2 - 6*q + 4. Give a(-9).
-23
Let k(j) = -2*j**2 - 3*j + 7. What is k(-3)?
-2
Let i(n) = -8*n + 58. Give i(7).
2
Let i(n) = n**3 + 5*n**2 - 5*n + 6. Give i(-6).
0
Let f(y) = 4*y + 12. Give f(-10).
-28
Let b(c) = -25*c**2 - 2*c - 2. Determine b(-1).
-25
Let i(j) = -4*j - 30. Give i(-16).
34
Let r(z) = z**3 + 6*z**2 + 5*z + 8. Give r(-4).
20
Let x(l) = 29*l + 190. Give x(-7).
-13
Let t(b) = 2*b**2 - 20*b + 46. Determine t(5).
-4
Let p(x) = -x**2 - 4*x - 4. Give p(-2).
0
Let j(x) = -x**3 - 16*x**2 - 40*x - 30. What is j(-13)?
-17
Let z(o) = -4*o + 33. What is z(8)?
1
Let p(o) = o**2 + 6*o - 171. Give p(10).
-11
Let i(c) = c**2 - 9*c - 8. Give i(8).
-16
Let l(s) = s**2 + 6*s - 24. Give l(-9).
3
Let g(o) = o**3 - 11*o**2 + 15*o - 15. Calculate g(10).
35
Let u(g) = 15*g**3 - 2*g**2 - 2*g - 1. What is u(-1)?
-16
Let j(q) = -q**3 - 14*q**2 + 13*q - 32. Calculate j(-15).
-2
Let d(x) = -x**2 + 22*x - 24. Determine d(21).
-3
Let m(d) = -7*d**2 - 7*d - 7. What is m(-3)?
-49
Let x(q) = q**2 - 21*q + 7. Calculate x(21).
7
Let b(g) = g**2 + 48*g - 33. Calculate b(-48).
-33
Let y(l) = l + 11. Determine y(-7).
4
Let z(a) = a**2 - 13*a + 27. What is z(12)?
15
Let z(t) = t**2 + 13*t + 2. Determine z(-13).
2
Let f(s) = 2*s**3 + 15*s**2 - 13*s - 34. Calculate f(-8).
6
Let j(z) = -53*z**3 + 1. Give j(-1).
54
Let z(g) = 5*g**3 + 2*g**2 + 3*g - 3. Give z(1).
7
Let a(f) = 5*f - 37. What is a(7)?
-2
Let j(m) = 2*m**3 - 47*m**2 - 23*m - 12. Calculate j(24).
12
Let u(h) = -2*h**2 + 9. Give u(0).
9
Let g(h) = 13*h + 5. Give g(-2).
-21
Let d(f) = 8*f**2 + 146*f + 45. What is d(-18)?
9
Let d(h) = 4*h - 100. Determine d(25).
0
Let l(c) = c**3 - 5*c**2 - 8*c + 4. Give l(6).
-8
Let d(x) = -55*x**3 + 2*x**2 - 4*x + 2. Give d(1).
-55
Let w(s) = -s**2 + 7*s - 6. Calculate w(5).
4
Let r(q) = -q**3 + 11*q**2 - 12*q + 6. What is r(10)?
-14
Let r(y) = 4*y + 151. Give r(-19).
75
Let r(w) = -24*w - 107. Give r(-5).
13
Let w(c) = 4*c - 131. What is w(34)?
5
Let f(u) = 2*u**3 + 10*u**2 - 34. Give f(-4).
-2
Let x(l) = -l**2 - l + 4. Determine x(0).
4
Let s(t) = -11*t**2 + t + 1. Give s(1).
-9
Let t(n) = -n**3 + 2*n**2 + n. Determine t(-1).
2
Let j(t) = -15*t**3 + t**2 + 6*t + 4. Calculate j(-1).
14
Let k(x) = -x + 11. Determine k(-3).
14
Let j(m) = 2*m**2 + m - 12. What is j(-4)?
16
Let h(b) = b**2 - 7*b - 10. Give h(9).
8
Let r(d) = d**3 + 22*d**2 + 56*d - 22. Give r(-19).
-3
Let a(s) = -s - 3. Calculate a(4).
-7
Let l(a) = -a**2 - 25*a + 4. Calculate l(-25).
4
Let j(f) = -25*f + 3. Calculate j(1).
-22
Let r(u) = u**2 - 16*u + 15. What is r(12)?
-33
Let i(f) = -f**3 + 8*f**2 - 7*f + 3. Give i(7).
3
Let i(z) = -z**2 - 13*z + 5. Calculate i(-8).
45
Let t(z) = -z**3 + 15*z**2 + 34*z + 13. Give t(17).
13
Let n(g) = -g**2. Calculate n(-4).
-16
Let v(t) = -t**3 + 21*t**2 - 4*t - 18. Determine v(21).
-102
Let w(n) = -2*n**2 + 78*n - 12. What is w(39)?
-12
Let o(n) = -13*n + 5. Calculate o(-7).
96
Let w(h) = 5*h - 5. What is w(1)?
0
Let u(s) = s - 14. Calculate u(12).
-2
Let i(g) = -2*g**3 - 2*g**2 - 8*g - 21. Calculate i(-3).
39
Let f(u) = 68*u - 294. Give f(4).
-22
Let q(m) = m**2 - 23*m + 107. What is q(17)?
5
Let p(y) = 2*y**3 - 4*y**2 + 4*y - 3. What is p(2)?
5
Let q(b) = -b**2 - 13*b - 11. Determine q(-11).
11
Let g(j) = -3*j**2 +